 -12*l + 37. Determine s(27).
-287
Let f(d) = -d**3 + 32*d**2 + 36*d - 65. What is f(33)?
34
Let u(x) = 28*x + 124. Give u(-13).
-240
Let g(a) = 4*a**2 - 23*a + 131. What is g(10)?
301
Let v(d) = -142*d + 5246. Calculate v(37).
-8
Let k(o) = 1381*o + 1400. Calculate k(-1).
19
Let p(d) = 44*d**2 - 3*d - 1. Determine p(-1).
46
Let w(a) = 2*a**3 - 4*a**2 - 25*a + 62. Give w(4).
26
Let u(z) = -z**3 - 3*z**2 - 33*z - 231. What is u(-5)?
-16
Let n(q) = q**3 + 33*q**2 + 89*q - 12. Calculate n(-30).
18
Let v(u) = u**2 + 2102*u - 46713. What is v(22)?
15
Let p(q) = q**2 - 40*q - 19. Give p(40).
-19
Let z(h) = -3*h**2 - 65*h - 104. What is z(-19)?
48
Let u(j) = -481*j - 2838. What is u(-6)?
48
Let i(j) = 4*j - 383. Give i(-30).
-503
Let p(h) = -5*h**3 - 8*h**2 + 4*h - 5. Calculate p(-4).
171
Let b(a) = 4*a + 15. Calculate b(-13).
-37
Let g(t) = -2*t**3 + 189*t**2 + 98*t - 264. Calculate g(95).
21
Let w(v) = -v**2 + 235*v - 1600. What is w(7)?
-4
Let u(k) = 14*k + 609. Determine u(-19).
343
Let k(a) = -66*a + 6489. Calculate k(98).
21
Let z(i) = 142*i + 11. Give z(1).
153
Let u(i) = -i**3 + 22*i**2 + 182*i - 4007. Calculate u(22).
-3
Let r(f) = -11*f**2 - 3392*f - 10182. Calculate r(-3).
-105
Let l(f) = 4*f**3 - 12*f**2 + 9*f - 56. Give l(4).
44
Let g(m) = 405*m - 11. What is g(0)?
-11
Let j(k) = k**3 - 11*k**2 + 25*k - 388. Determine j(12).
56
Let n(v) = -10*v**2 - 157*v - 2. Determine n(-16).
-50
Let k(p) = p**3 + 5*p**2 - 123*p - 833. Give k(-8).
-41
Let z(p) = -53*p - 414. Calculate z(-4).
-202
Let p(k) = -675*k + 18220. Give p(27).
-5
Let o(c) = -c**2 - 74*c + 1086. Calculate o(-87).
-45
Let x(y) = y**2 + 2*y - 12. Calculate x(5).
23
Let i(r) = r**2 + 231*r + 9453. What is i(-177)?
-105
Let q(h) = -h**3 + 9*h**2 + 9*h - 43. Calculate q(5).
102
Let k(s) = -s**3 + 17*s**2 + 54*s - 7. What is k(20)?
-127
Let i(b) = b**2 + 44*b + 449. Determine i(-16).
1
Let v(z) = -7434*z - 52030. Determine v(-7).
8
Let q(g) = -g**2 + g + 97. Calculate q(-11).
-35
Let t(x) = 2*x**3 - 75*x**2 + 87*x - 1851. What is t(37)?
-1
Let h(p) = -p**3 + 55*p**2 - 104*p - 139. Determine h(53).
-33
Let o(w) = -27*w - 2. Give o(-4).
106
Let l(j) = -153*j + 923. What is l(6)?
5
Let i(o) = -o**2 + 53*o - 101. Determine i(2).
1
Let q(d) = 118*d + 71. What is q(0)?
71
Let t(a) = 81*a - 239. What is t(6)?
247
Let l(u) = 1595*u + 4759. Give l(-3).
-26
Let o(w) = -70*w + 629. Give o(22).
-911
Let a(m) = -6*m**2 + 12*m + 89. Calculate a(-6).
-199
Let o(c) = 3*c**3 + 10*c**2 - 4*c - 20. What is o(-2)?
4
Let x(u) = 89*u + 314. Give x(-3).
47
Let n(o) = 18*o**2 + 60*o - 530. Give n(7).
772
Let v(s) = -s**3 + 12*s**2 - 32*s + 241. Calculate v(11).
10
Let u(w) = -w**3 + 18*w**2 + 60*w - 399. What is u(20)?
1
Let f(g) = 2*g**2 + 11*g - 15. What is f(0)?
-15
Let s(j) = -126*j - 9307. Determine s(-74).
17
Let m(v) = -v**3 - 4*v**2 + 203*v + 1152. Give m(-6).
6
Let p(b) = -b**2 - 533*b - 70264. Determine p(-239).
2
Let m(h) = -3*h**2 - 62*h + 48. What is m(-15)?
303
Let f(r) = -4*r**3 - 174*r**2 - 399*r + 457. What is f(-41)?
6
Let h(q) = -q**3 + 37*q**2 - 141*q + 5. Calculate h(8).
733
Let s(y) = -401*y + 5604. Calculate s(14).
-10
Let a(p) = 2*p**3 - 44*p**2 + 88*p - 127. Calculate a(18).
-1135
Let l(n) = -10*n - 14. Give l(4).
-54
Let n(z) = -5*z - 197. Give n(-39).
-2
Let j(v) = v**3 - 61*v**2 + 60*v + 17. Give j(60).
17
Let f(n) = -2*n**3 - 112*n**2 - 137*n - 1483. Determine f(-55).
2
Let x(k) = 5*k**2 - 551*k + 538. Determine x(1).
-8
Let y(t) = -t**3 + 59*t**2 + 253*t - 12. Determine y(-4).
-16
Let q(l) = -2*l**3 + 35*l**2 + 13*l + 14. Calculate q(18).
-76
Let w(x) = x**2 - 4*x + 11. Give w(2).
7
Let n(j) = -6*j**3 + 45*j**2 + 18*j + 15. What is n(8)?
-33
Let y(j) = -2002*j - 8003. Give y(-4).
5
Let l(z) = -1353*z - 2572. Determine l(-2).
134
Let z(y) = 887*y + 6147. Determine z(-7).
-62
Let q(m) = 12*m**2 + 54*m - 4. Calculate q(-4).
-28
Let y(c) = 33*c + 374. What is y(-11)?
11
Let i(m) = -5*m**2 - 281*m + 2178. Calculate i(7).
-34
Let m(b) = -44*b - 3171. Determine m(-72).
-3
Let i(p) = p**3 + 91*p**2 - 382*p - 201. Determine i(-95).
-11
Let x(b) = -225*b - 469. What is x(-2)?
-19
Let b(c) = -c**3 - 24*c**2 - 137*c - 75. Calculate b(-8).
-3
Let h(s) = -s**2 - 8*s + 106. Determine h(5).
41
Let l(c) = 172*c + 24. Calculate l(-2).
-320
Let a(n) = 302*n**2 - 620*n + 2. Give a(2).
-30
Let v(b) = -b**3 - 50*b**2 + 51*b - 6. What is v(-51)?
-6
Let a(c) = 180*c + 863. Calculate a(-7).
-397
Let m(f) = 7*f + 567. What is m(-43)?
266
Let q(a) = -a**3 + 70*a**2 + 144*a - 7. What is q(72)?
-7
Let b(s) = s**2 - 44*s + 411. Calculate b(27).
-48
Let z(m) = m**2 - 108*m + 2271. Determine z(29).
-20
Let u(a) = 6*a**3 + 2*a**2 + 41*a + 36. Calculate u(-1).
-9
Let w(n) = -181*n - 2009. What is w(-11)?
-18
Let r(c) = -2*c**3 + 15*c**2 + 13*c + 7. Give r(5).
197
Let q(u) = -2*u**2 + 238*u + 502. Give q(121).
18
Let r(i) = -i**3 - 5*i**2 + 23*i + 5. What is r(3)?
2
Let f(m) = -m**3 - 5*m**2 + 7*m + 12. Determine f(3).
-39
Let h(r) = -78*r - 3456. Calculate h(-44).
-24
Let a(y) = 9*y + 58. What is a(-14)?
-68
Let p(n) = 5*n**2 + 750*n + 12449. What is p(-131)?
4
Let g(t) = 936*t + 4577. What is g(-5)?
-103
Let b(t) = -t**3 - 17*t**2 - 47*t + 102. Calculate b(-15).
357
Let m(u) = 90*u + 1797. Determine m(-20).
-3
Let l(g) = -6*g**3 + 4*g**2 + 18*g - 4. What is l(4)?
-252
Let s(d) = -d**3 + 10*d**2 - 3*d + 16. Determine s(9).
70
Let x(y) = -y**3 + 21*y**2 - 4*y + 95. Determine x(21).
11
Let u(n) = 3*n**2 + 23*n - 231. Determine u(6).
15
Let y(z) = 3*z**3 + 3*z**2 + 485*z + 970. Calculate y(-2).
-12
Let s(z) = 2*z**3 + 35*z**2 + 118*z - 9. Determine s(-4).
-49
Let t(o) = 19*o**2 + 46*o + 12. Give t(-2).
-4
Let y(j) = 491*j - 4387. Give y(9).
32
Let d(z) = 4*z**2 - 118*z - 14. Determine d(30).
46
Let b(i) = -i**3 - 41*i**2 - 172*i + 272. What is b(-36)?
-16
Let g(w) = 68*w - 953. Give g(14).
-1
Let t(i) = i**2 - 30*i - 2052. Give t(63).
27
Let x(h) = h**2 + 26*h - 35. What is x(-27)?
-8
Let d(l) = l**3 + 15*l**2 - 75*l + 54. What is d(-19)?
35
Let t(i) = -i**2 + 45*i - 147. Determine t(41).
17
Let n(p) = -p**3 + 3*p**2 - p + 30. Give n(4).
10
Let o(v) = -v**3 - 39*v**2 + 87*v - 172. Determine o(-41).
-377
Let b(g) = -10*g**3 - 8*g**2 + 2*g - 45. Calculate b(-5).
995
Let y(l) = l**3 + 22*l**2 + 34*l - 433. Give y(-19).
4
Let l(a) = 6*a + 64. What is l(14)?
148
Let i(z) = -4*z**2 - 13*z + 60. Calculate i(4).
-56
Let v(d) = 62*d**2 + 32*d + 66. Calculate v(-2).
250
Let k(x) = 3*x**2 - 17*x - 123. Calculate k(10).
7
Let h(s) = -s**2 + 50*s - 402. Give h(54).
-618
Let z(w) = -2*w**3 + 9*w**2 + 16*w - 51. Determine z(5).
4
Let b(i) = -i**2 - 35*i - 266. Give b(-20).
34
Let z(b) = -4*b**3 + 17*b**2 - 14*b + 28. Determine z(4).
-12
Let h(k) = -k**2 - 869*k - 12794. What is h(-15)?
16
Let d(r) = -38*r + 582. Determine d(12).
126
Let t(j) = j**3 - j**2 - 27*j + 494. Calculate t(0).
494
Let t(a) = 23*a**2 + 2*a - 31. Calculate t(3).
182
Let s(c) = 15*c**2 + 9*c + 14. What is s(-2)?
56
Let t(i) = 25*i + 1012. Determine t(-42).
-38
Let a(d) = d**2 - 64*d - 782. Calculate a(-11).
43
Let q(l) = -l**3 - 23*l**2 - 50*l - 29. Determine q(-20).
-229
Let q(w) = -586*w - 5267. Calculate q(-9).
7
Let o(b) = -5*b**2 - 6*b + 3. Calculate o(2).
-29
Let s(v) = v**2 - 412*v + 2086. What is s(5)?
51
Let t(a) = a**2 + 48*a + 244. Calculate t(-6).
-8
Let p(l) = 4143*l - 16564. What is p(4)?
8
Let b(j) = 5*j - 51. Calculate b(-10).
-101
Let v(b) = 48*b + 1926. Give v(-40).
6
Let z(w) = -734*w + 2912. What is z(4)?
-24
Let m(r) = -r**2 - 116*r - 336. What is m(-3)?
3
Let b(t) = -370*t + 52904. Give b(143).
-6
Let z(j) = -j**3 - 23*j**2 - 561*j + 1225. What is z(2)?
3
Let a(x) = -4*x**2 - 6*x + 18. Calculate a(-6).
-90
Let n(r) = 165*r + 3155. Give n(-17).
350
Let d(x) = 18*x**2 - 1548*x + 3. Determine d(86).
3
Let c(j) = 2*j**2 - 15*j - 64. Calculate c(11).
13
Let u(d) = 891*d + 1781. Determine u(-2).
-1
Let x(k) = 64*k + 456. What is x(-8)?
-56
Let f(a) = 779*a + 40503. Calculate f(-52).
-5
Let f(g) = -g**3 + 164*g**2 + 202*g - 6107. Determine f(165).
-2
Let a(u) = -3*u**2 + 63*u - 52. Give a(20).
8
Let k(m) = -8*m**2 + 111*m - 97. Give k(13).
-6
Let x(p) = p**3 + 17*p**2 - 34*p + 72. What is x(-19)?
-4
Let q(z) = z**3 + 81*z**2 + 16*z + 1298